577 - 8*d**3. What is i(1)?
-8
Let k(r) = -r + 2. Let q be k(5). Let x = -177 - -193. Let y(o) = -3*o + x + 0 - 18. Determine y(q).
7
Let d = 870 + -1562. Let p = d - -697. Let h(f) = 2*f**2 - 6*f + 4. Give h(p).
24
Let d be (-216)/(-90)*(5 + 25/(-10)). Let z(p) = p - 12. Determine z(d).
-6
Let n(h) be the first derivative of 7/3*h**3 + 7/2*h**2 - 7*h + 1/4*h**4 - 59. What is n(-5)?
8
Let u be (-4)/(-10) - 277/5. Let i be (-1)/2 - u/(-10). Let m(p) = p**2 + p + 1. Let v(t) = 3*t**2 + 9*t - 5. Let y(n) = m(n) - v(n). Calculate y(i).
-18
Suppose -220466*u = -220437*u - 377. Let j(r) = -12*r - 7 + r**2 - 1 + 0*r**2. Give j(u).
5
Let z(f) = 4586*f**2 - 1 + 6*f + f**3 + 7 - 9182*f**2 + 4591*f**2. What is z(5)?
36
Let u(t) = -2*t**2 + 46*t - 35. Let v be 19 + -1 - ((-414)/90 - 3/(-5)). Give u(v).
9
Let b(v) = v**2 + 5*v - 1. Let r(q) = q**2 - q. Let h(p) = b(p) - 2*r(p). Let w(m) = 41*m + 212. Let t be w(-5). Calculate h(t).
-1
Let d(p) = p**3 + 11*p**2 + 5*p - 14. Let k = -557 + -260. Let q = -827 - k. Give d(q).
36
Let b(q) be the second derivative of q**3/6 + 6*q**2 + 1211*q. Determine b(-11).
1
Let f(u) = 5*u - 9. Let v(d) be the third derivative of d**4/24 - d**3/3 + 58*d**2. Let g(b) = f(b) - 6*v(b). What is g(4)?
-1
Let n be (-8*81/252)/(9/(-14)). Let h(d) be the third derivative of d**5/30 + d**4/24 - d**2. Give h(n).
36
Let f(a) = a. Suppose b = 2*b - 1. Suppose 0 = 3*c + 3, 0*c + 4*c = -5*s + 11. Let r(l) = -5*l - 2. Let h(m) = b*r(m) + s*f(m). Give h(4).
-10
Let g(s) = -2*s**2 - 2*s + 13. Suppose 398 - 1668 = -669*z + 1406. Give g(z).
-27
Let g = -4603 + 4597. Let c(z) = z**3 + 8*z**2 + z - 13. Give c(g).
53
Suppose -2*j + 23 = -5*o, 9*j - 4*o = 14*j - 8. Let v(k) be the second derivative of -k**4/12 + k**3/2 - k**2/2 - 27*k. What is v(j)?
-5
Let y(w) = 2*w**2 + 19*w + 8. Let r be y(-9). Let n be (r*32/20)/(6/15). Let z(b) = b**3 + 6*b**2 + 4*b - 4. Determine z(n).
12
Let q(x) = -x**3 - 10*x**2 - 9*x + 5. Suppose 4*d - 35 = -71. Let j be q(d). Let c(t) = -3*t + 7. Calculate c(j).
-8
Let b(a) = 116*a - 88. Let c(s) = -76*s + 89. Let p(k) = 2*b(k) + 3*c(k). Calculate p(-21).
7
Let c(b) = -4*b**2 - 2*b. Let k be c(-1). Let l be (-2 - 20/(-4)) + k + 1. Suppose h = -l*h + 6. Let t(a) = 2*a**3 - 2*a**2 - a + 2. Determine t(h).
8
Let p be (-4 - -3)*6/2. Let k(f) be the first derivative of 2/3*f**3 - 3*f - 3/2*f**2 + 36. Calculate k(p).
24
Suppose 17*v + 351 = 283. Let c(r) = -14*r + 6. Determine c(v).
62
Let i be 21 - (8/10 - 1534/(-295)). Let b(h) = h**3 - 13*h**2 - 31*h + 16. What is b(i)?
1
Let w(h) = 1 + 3 + 0 - 2*h - 3 - 12. What is w(-13)?
15
Let u be (1*-11)/((-20)/140). Suppose 5*y + u + 43 = 0. Let a = 23 + y. Let m(g) = -7*g**3 + g**2 - 1. Calculate m(a).
7
Let d(z) be the third derivative of z**5/60 - z**4/4 + 5*z**3/6 + 6*z**2. Let g be 4*5*10/(80/68). Suppose -g = -19*f - 37. What is d(f)?
12
Let b = 181 + -169. Suppose 9*u - b = -48. Let v(r) = r**2 + 4*r - 4. What is v(u)?
-4
Let z(i) be the first derivative of -i**4/6 + 7*i**3/3 - 71*i**2/2 + 2*i - 172. Let c(t) be the second derivative of z(t). Determine c(7).
-14
Suppose -5*a + 4*a = 2. Let n(g) be the second derivative of g**5/20 + g**4/6 + g**3/3 - g**2 + 1200*g + 2. What is n(a)?
-6
Let i(s) = s - 1. Let a be (-2 + 12/7)*(17 + -24). Let n(l) = 4*l + 1. Let m be n(a). Suppose f - 16 = -m. Give i(f).
6
Let k(j) = -j. Let f(p) = 10*p + 6. Let x(q) = -f(q) - 12*k(q). Let t be 11*60/165*10/(-4). Let l be ((-8)/t)/(3*(-5)/(-150)). Calculate x(l).
10
Let m be (-3 + -2 + 69/12)*24. Suppose -m = -6*w - 0*w. Let n(s) = s - 11 + w - 5. Give n(6).
-7
Let d(m) be the third derivative of m**8/1344 - m**7/5040 - m**6/720 - 29*m**5/60 + 15*m**2 + 4*m. Let i(v) be the third derivative of d(v). Calculate i(-1).
15
Let x(t) = -2*t**2 - 55*t + 210. Let g(j) = 4*j**2 + 123*j + 277. Let f be g(-28). Give x(f).
-7
Let g(w) = -2*w + 2. Let t = -25 + 30. Suppose -k + 1 - t = 0. Calculate g(k).
10
Let n(l) = l + 22. Let k be n(-6). Suppose k*t = 5*t + 132. Let w(o) = 57*o - 13*o**2 + o**3 - 69*o + 3*o**2 + t. Give w(11).
1
Let k(s) be the second derivative of s**5/10 + s**4/12 - 2*s**3/3 + 3*s**2/2 + 284*s + 2. Let q be 40/15 + (3 - 11/3). Determine k(q).
15
Let a(n) = 305*n - 447*n + 137*n - 19. Give a(-8).
21
Let d(c) = 215 - 432 + 216 - 3*c. Calculate d(4).
-13
Let r(m) be the third derivative of 1/8*m**4 + 1/20*m**5 + 1/2*m**3 + 0*m + 71*m**2 + 0. Determine r(-3).
21
Let a be 5 - 2/(-8)*-8. Suppose -a*q - 22 = -5*i + 4*i, -25 = 4*q + 3*i. Let f(c) = c**2 + 8*c + 6. Calculate f(q).
-1
Suppose -3*o = 2*d + 11, 2*o + 18 = 2*d + 2*d. Let s(t) = 129*t**2 - 39*t**d + 1 - 45*t**2 - 44*t**2 + 5*t. Give s(-3).
-5
Let q(f) = -5*f**2 + 15*f - 7. Let g(d) = -75*d + 38*d + 45*d + 2*d**2 - 4 - 5*d**2. Let r(m) = -7*g(m) + 4*q(m). What is r(-4)?
0
Suppose 10*f - 56 = -25*f + 7*f. Let a(q) = 17*q - 30. What is a(f)?
4
Let b(d) = -d**2 + 3*d + 1. Suppose 42 = -4*l - 2*a, l - 4*l - 15 = -4*a. Let y be (-2 - l/5)*-20. Calculate b(y).
-3
Let f = 327 + -325. Let t(d) be the second derivative of 1/2*d**2 + d + 1/20*d**5 + 0 - 1/3*d**3 - 1/12*d**4. Determine t(f).
1
Let h(r) = -r**2 + r + 1. Let g = -83 + 92. Suppose -14*u - g + 51 = 0. Determine h(u).
-5
Suppose -12*i + 1656 = -732. Suppose -35*j + 24 = i. Let g(q) = 2*q - 3 + 5 + 3. Determine g(j).
-5
Let n be ((-7)/(-3) - 3)*3. Suppose 0 = -u + 13 - 11. Let f(x) = u - 17*x**3 - 8*x**3 + 26*x**3. Calculate f(n).
-6
Let q(f) = f**3 - 8*f**2 - 17*f - 16. Let k be q(10). Let b(d) = 1 + 11*d**3 + d**3 - 11*d**3 + 10*d - k + 13*d**2. Calculate b(-12).
11
Let d(y) = y**2 + 2*y + 3. Suppose 6*p = 351 + 537. Let j = -151 + p. Determine d(j).
6
Let n(x) = 14 + 8*x - 35 - 16 - 56 - 6. Determine n(13).
5
Let g(n) = 6*n + 75. Let q = -6581 - -6568. What is g(q)?
-3
Let j(c) be the second derivative of c**4/24 - 7*c**3/6 + 165*c**2/2 - 90*c. Let x(w) be the first derivative of j(w). Give x(9).
2
Let q = -5518 - -5524. Let l(i) = 2*i**3 - 10*i**2 + 9*i - 9. Calculate l(q).
117
Let c(z) = -103*z**2 + 29*z + 148. Let w(v) = 275*v**2 - 87*v - 442. Let a(u) = -8*c(u) - 3*w(u). Determine a(33).
10
Let t(m) = -163*m + 5231. Let j be t(32). Let h(w) = -w**2 + 17*w + 9. Give h(j).
39
Suppose 2*j + 289 - 319 = -2*d, 0 = -d + 4*j + 45. Let l(o) = -o**2 + 25*o - 77. Calculate l(d).
7
Let o = -253 - -263. Suppose -5*r + o*r = 60. Let h(u) = -u**3 + 13*u**2 - 12*u. Determine h(r).
0
Let s(u) = -3*u**2 - 12 + 4*u**2 + 6*u + 12. Suppose 0 = 2*a - 4 - 4. Suppose 0*d = -2*d - a*i, 3*d - 4*i = -30. What is s(d)?
0
Suppose -5*p = -65 - 60. Suppose 4*v + 5 = p. Let n(z) = z**2 - 10*z + 4. Let m(g) = g**2 - 9*g + 3. Let l(k) = 3*m(k) - 2*n(k). Determine l(v).
-9
Let p(x) = -34 - 1506388*x - 11*x**2 + 1506383*x - 3*x**3 + 2*x**3. Give p(-11).
21
Let c(j) = 11*j - 1. Suppose -65*u = -48*u - 85. Suppose -2*o + 4*y = -0*o + 22, 4*o + 29 = u*y. Calculate c(o).
-12
Let s(p) = -14*p - 9. Let g be s(-1). Let w(j) = j**2 - 40 + 43 - g*j**2 + j + 5*j**2. Let q(b) = -b**2 - 5*b + 2. Let v be q(-6). Give w(v).
15
Let n(s) = -2*s**3 - 2*s**2 - 2*s + 1. Suppose -8*k = -41*k + 264. Let x be (5/10)/(1/10). Suppose -x*a - k = -a. Give n(a).
13
Let l(w) be the first derivative of w**4/4 - w**3 - w**2/2 + 5*w + 1210. Determine l(2).
-1
Suppose 487*y = 6787 + 11232. Let w(u) be the second derivative of -2/3*u**3 - 1/12*u**4 + 4*u**2 + y*u + 0. Calculate w(-6).
-4
Let s(p) = -6*p**2 - 5*p**3 + 6*p**3 + 3 + 7*p - 5*p + 3*p. What is s(2)?
-3
Let u = 2339 + -2336. Let f be 8/(2/1 + -1). Let j(g) = -10*g + g + 4 + f*g**2 - 4 + 8 - g**u. Calculate j(7).
-6
Suppose -10 + 5 = -g + 5*u, 37 = 3*g - 4*u. Let k(h) = h**3 - 16*h**2 + 15*h. Give k(g).
0
Let h(l) = 17*l**2 + 97*l + 151. Let u(m) = 8*m**2 + 48*m + 73. Let a(d) = -6*h(d) + 13*u(d). Determine a(-20).
3
Let a(p) = 190 - 19*p - 50*p**2 - 215 + 260 - 217. Calculate a(1).
-51
Let u(b) = -b**3 - 2*b**2 + b + 2. Let o be u(-1). Let k(l) = -3*l + 26. Let j be k(7). Let p(g) = -j*g + 11*g + o*g - 7*g + 2. What is p(-6)?
8
Let l(v) = v**3 - 21*v**2 - 19*v + 20. Let q be l(22). Suppose 98*w + 12 = q*w. Let x(f) = 3*f**2. Determine x(w).
3
Let q(g) = -4*g. Let d(f) be the first derivative of 1/2*f**2 + 26 + 7*f. Let l be d(-8). What is q(l)?
4
Let q be (-46)/(-391) - (-83)/17. 